 thousands digit of 150409?
0
What is the ten thousands digit of 52374?
5
What is the hundreds digit of 45559?
5
What is the units digit of 11415?
5
What is the hundreds digit of 36756?
7
What is the hundreds digit of 2407?
4
What is the units digit of 3231?
1
What is the hundreds digit of 9641?
6
What is the hundreds digit of 121596?
5
What is the ten thousands digit of 41039?
4
What is the ten thousands digit of 96420?
9
What is the tens digit of 7398?
9
What is the thousands digit of 5454?
5
What is the thousands digit of 2007?
2
What is the ten thousands digit of 10659?
1
What is the units digit of 7960?
0
What is the tens digit of 89527?
2
What is the thousands digit of 30255?
0
What is the thousands digit of 2731?
2
What is the thousands digit of 28046?
8
What is the thousands digit of 14000?
4
What is the units digit of 2371?
1
What is the units digit of 63?
3
What is the thousands digit of 66548?
6
What is the units digit of 8761?
1
What is the units digit of 45167?
7
What is the tens digit of 6537?
3
What is the tens digit of 1087?
8
What is the hundreds digit of 2768?
7
What is the thousands digit of 86858?
6
What is the ten thousands digit of 19368?
1
What is the ten thousands digit of 10276?
1
What is the tens digit of 243?
4
What is the hundreds digit of 543?
5
What is the hundreds digit of 1412?
4
What is the tens digit of 7251?
5
What is the units digit of 2323?
3
What is the hundreds digit of 4782?
7
What is the units digit of 42768?
8
What is the tens digit of 3167?
6
What is the ten thousands digit of 18045?
1
What is the tens digit of 23716?
1
What is the hundreds digit of 5689?
6
What is the tens digit of 1421?
2
What is the tens digit of 1697?
9
What is the thousands digit of 5617?
5
What is the units digit of 2704?
4
What is the hundreds digit of 59423?
4
What is the hundreds digit of 525?
5
What is the hundreds digit of 3266?
2
What is the tens digit of 1010?
1
What is the hundreds digit of 18916?
9
What is the ten thousands digit of 127747?
2
What is the units digit of 2516?
6
What is the thousands digit of 1481?
1
What is the hundreds digit of 305?
3
What is the ten thousands digit of 164004?
6
What is the thousands digit of 10186?
0
What is the tens digit of 648?
4
What is the hundred thousands digit of 138109?
1
What is the ten thousands digit of 87065?
8
What is the hundreds digit of 11350?
3
What is the hundreds digit of 901?
9
What is the tens digit of 71980?
8
What is the tens digit of 494?
9
What is the tens digit of 5181?
8
What is the tens digit of 3459?
5
What is the tens digit of 597?
9
What is the units digit of 610?
0
What is the tens digit of 88913?
1
What is the units digit of 18559?
9
What is the ten thousands digit of 25422?
2
What is the units digit of 17607?
7
What is the thousands digit of 1959?
1
What is the units digit of 5287?
7
What is the thousands digit of 12106?
2
What is the tens digit of 6421?
2
What is the ten thousands digit of 35382?
3
What is the units digit of 56160?
0
What is the hundreds digit of 1783?
7
What is the hundreds digit of 215?
2
What is the tens digit of 17126?
2
What is the ten thousands digit of 32509?
3
What is the thousands digit of 60645?
0
What is the hundred thousands digit of 109480?
1
What is the tens digit of 2572?
7
What is the tens digit of 373?
7
What is the units digit of 11188?
8
What is the thousands digit of 25532?
5
What is the hundreds digit of 25582?
5
What is the tens digit of 11976?
7
What is the thousands digit of 8377?
8
What is the tens digit of 655?
5
What is the ten thousands digit of 17617?
1
What is the tens digit of 238?
3
What is the units digit of 21533?
3
What is the thousands digit of 1266?
1
What is the tens digit of 857?
5
What is the hundreds digit of 11232?
2
What is the units digit of 118?
8
What is the tens digit of 11590?
9
What is the units digit of 11229?
9
What is the units digit of 47395?
5
What is the units digit of 2721?
1
What is the tens digit of 14793?
9
What is the hundreds digit of 36327?
3
What is the units digit of 1130?
0
What is the units digit of 51546?
6
What is the hundreds digit of 127?
1
What is the units digit of 43367?
7
What is the units digit of 3259?
9
What is the tens digit of 836?
3
What is the tens digit of 514?
1
What is the hundreds digit of 2799?
7
What is the units digit of 229?
9
What is the tens digit of 10263?
6
What is the units digit of 823?
3
What is the tens digit of 1298?
9
What is the units digit of 5022?
2
What is the tens digit of 7094?
9
What is the units digit of 2413?
3
What is the units digit of 138?
8
What is the units digit of 5007?
7
What is the tens digit of 15420?
2
What is the units digit of 606?
6
What is the ten thousands digit of 15317?
1
What is the units digit of 24809?
9
What is the hundreds digit of 5280?
2
What is the units digit of 5870?
0
What is the units digit of 438?
8
What is the tens digit of 9427?
2
What is the hundreds digit of 8571?
5
What is the hundreds digit of 728?
7
What is the thousands digit of 2164?
2
What is the hundreds digit of 105530?
5
What is the hundreds digit of 13056?
0
What is the units digit of 5929?
9
What is the units digit of 15174?
4
What is the hundreds digit of 378?
3
What is the tens digit of 332?
3
What is the tens digit of 81781?
8
What is the hundreds digit of 3443?
4
What is the tens digit of 3351?
5
What is the tens digit of 3303?
0
What is the thousands digit of 29417?
9
What is the thousands digit of 2726?
2
What is the thousands digit of 25520?
5
What is the units digit of 4856?
6
What is the units digit of 54200?
0
What is the thousands digit of 8861?
8
What is the units digit of 7580?
0
What is the hundreds digit of 2033?
0
What is the tens digit of 98?
9
What is the thousands digit of 25076?
5
What is the hundreds digit of 426?
4
What is the tens digit of 22648?
4
What is the thousands digit of 4487?
4
What is the ten thousands digit of 62702?
6
What is the thousands digit of 17897?
7
What is the units digit of 4889?
9
What is the units digit of 9?
9
What is the units digit of 11977?
7
What is the units digit of 1768?
8
What is the hundreds digit of 51894?
8
What is the units digit of 405?
5
What is the units digit of 7293?
3
What is the units digit of 1874?
4
What is the thousands digit of 122339?
2
What is the hundreds digit of 2531?
5
What is the units digit of 745?
5
What is the thousands digit of 1298?
1
What is the hundreds digit of 1258?
2
What is the tens digit of 62026?
2
What is the thousands digit of 21015?
1
What is the tens digit of 3379?
7
What is the tens digit of 2019?
1
What is the hundreds digit of 1258?
2
What is the hundreds digit of 27572?
5
What is the tens digit of 1317?
1
What is the units digit of 2408?
8
What is the tens digit of 610?
1
What is the tens digit of 2295?
9
What is the hundreds digit of 8444?
4
What is the thousands digit of 2457?
2
What is the thousands digit of 3119?
3
What is the units digit of 602?
2
What is the units digit of 1830?
0
What is the tens digit of 9546?
4
What is the thousands digit of 76767?
6
What is the units digit of 57738?
8
What is the units digit of 975?
5
What is the hundreds digit of 922?
9
What is the units digit of 63140?
0
What is the units digit of 10768?
8
What is the ten thousands digit of 68073?
6
What is the units digit of 260?
0
What is the ten thousands digit of 32434?
3
What is the thousands digit of 6460?
6
What is the ten thousands digit of 26139?
2
What is the thousands digit of 2710?
2
What is the thousands digit of 104155?
4
What is the hundreds digit of 88993?
9
What is the units digit of 33100?
0
What is the ten thousands digit of 84842?
8
What is the tens digit of 1698?
9
What is the units digit of 5069?
9
What is the units digit of 1476?
6
What is the tens digit of 1817?
1
What is the tens digit of 1044?
4
What is the hundreds digit of 311?
3
What is the thousands digit of 82049?
2
What is the ten thousands digit of 17965?
1
What is the ten thousands digit of 47263?
4
What is the tens digit of 735?
3
What is the hundreds digit of 95371?
3
What is the tens digit of 1381?
8
What is the hundreds digit of 46954?
9
What is the units digit of 30026?
6
What is the units digit of 10521?
1
What is the units digit of 3540?
0
What is the tens digit